{"id":208,"date":"2025-06-05T12:47:23","date_gmt":"2025-06-05T10:47:23","guid":{"rendered":"https:\/\/wp.sp.akarimi.bhakwien10.schulwebspace.at\/?post_type=product&#038;p=208"},"modified":"2025-06-05T12:47:23","modified_gmt":"2025-06-05T10:47:23","slug":"toast","status":"publish","type":"product","link":"https:\/\/wp.sp.akarimi.bhakwien10.schulwebspace.at\/?product=toast","title":{"rendered":"Toast"},"content":{"rendered":"<p><strong data-start=\"0\" data-end=\"9\" data-is-only-node=\"\">Toast<\/strong> ist ein einfaches, vielseitiges Gericht aus ger\u00f6stetem Brot. Ob s\u00fc\u00df oder herzhaft belegt \u2013 er passt zu jeder Tageszeit. In der veganen Variante wird er oft mit pflanzlicher Margarine, Aufstrichen, Avocado, Hummus oder veganem K\u00e4se serviert. Knusprig, schnell gemacht und ideal zum Kombinieren mit frischem Gem\u00fcse, Obst oder Gew\u00fcrzen.<\/p>\n","protected":false},"excerpt":{"rendered":"<p>Toast ist ein einfaches, vielseitiges Gericht aus ger\u00f6stetem Brot. Ob s\u00fc\u00df oder herzhaft belegt \u2013 er passt zu jeder Tageszeit. In der veganen Variante wird er oft mit pflanzlicher Margarine, Aufstrichen, Avocado, Hummus oder veganem K\u00e4se serviert. Knusprig, schnell gemacht und ideal zum Kombinieren mit frischem Gem\u00fcse, Obst oder Gew\u00fcrzen.<\/p>\n","protected":false},"featured_media":17,"comment_status":"open","ping_status":"closed","template":"","meta":[],"product_brand":[],"product_cat":[20],"product_tag":[],"class_list":{"0":"post-208","1":"product","2":"type-product","3":"status-publish","4":"has-post-thumbnail","6":"product_cat-hauptgerichte","8":"first","9":"instock","10":"taxable","11":"shipping-taxable","12":"purchasable","13":"product-type-simple"},"_links":{"self":[{"href":"https:\/\/wp.sp.akarimi.bhakwien10.schulwebspace.at\/index.php?rest_route=\/wp\/v2\/product\/208","targetHints":{"allow":["GET"]}}],"collection":[{"href":"https:\/\/wp.sp.akarimi.bhakwien10.schulwebspace.at\/index.php?rest_route=\/wp\/v2\/product"}],"about":[{"href":"https:\/\/wp.sp.akarimi.bhakwien10.schulwebspace.at\/index.php?rest_route=\/wp\/v2\/types\/product"}],"replies":[{"embeddable":true,"href":"https:\/\/wp.sp.akarimi.bhakwien10.schulwebspace.at\/index.php?rest_route=%2Fwp%2Fv2%2Fcomments&post=208"}],"wp:featuredmedia":[{"embeddable":true,"href":"https:\/\/wp.sp.akarimi.bhakwien10.schulwebspace.at\/index.php?rest_route=\/wp\/v2\/media\/17"}],"wp:attachment":[{"href":"https:\/\/wp.sp.akarimi.bhakwien10.schulwebspace.at\/index.php?rest_route=%2Fwp%2Fv2%2Fmedia&parent=208"}],"wp:term":[{"taxonomy":"product_brand","embeddable":true,"href":"https:\/\/wp.sp.akarimi.bhakwien10.schulwebspace.at\/index.php?rest_route=%2Fwp%2Fv2%2Fproduct_brand&post=208"},{"taxonomy":"product_cat","embeddable":true,"href":"https:\/\/wp.sp.akarimi.bhakwien10.schulwebspace.at\/index.php?rest_route=%2Fwp%2Fv2%2Fproduct_cat&post=208"},{"taxonomy":"product_tag","embeddable":true,"href":"https:\/\/wp.sp.akarimi.bhakwien10.schulwebspace.at\/index.php?rest_route=%2Fwp%2Fv2%2Fproduct_tag&post=208"}],"curies":[{"name":"wp","href":"https:\/\/api.w.org\/{rel}","templated":true}]}}